of 21091 and 17816?
131
Calculate the greatest common divisor of 52 and 2284.
4
Calculate the greatest common divisor of 1386 and 56.
14
Calculate the highest common divisor of 2639 and 899.
29
What is the highest common factor of 48 and 97392?
48
Calculate the highest common factor of 14 and 1073429.
7
What is the greatest common divisor of 93928 and 3776?
472
What is the greatest common factor of 105 and 93639?
21
Calculate the highest common divisor of 230 and 83030.
230
What is the greatest common divisor of 1450 and 4050?
50
What is the highest common factor of 283850 and 266?
14
Calculate the greatest common factor of 30 and 9070.
10
Calculate the greatest common factor of 37 and 69893.
37
Calculate the greatest common divisor of 123737 and 1.
1
Calculate the greatest common factor of 6875 and 2211.
11
Calculate the highest common divisor of 400073 and 107.
107
What is the greatest common factor of 175310 and 30?
10
Calculate the greatest common divisor of 151095 and 105.
105
What is the highest common factor of 188 and 39527?
47
Calculate the highest common divisor of 4850760 and 10.
10
What is the greatest common divisor of 15330 and 10366?
146
Calculate the highest common divisor of 28 and 1212680.
28
What is the greatest common divisor of 209 and 133342?
209
What is the greatest common divisor of 11592 and 2076?
12
What is the highest common factor of 6447 and 448?
7
What is the highest common divisor of 69 and 120382?
23
What is the greatest common factor of 1919 and 304?
19
What is the greatest common factor of 51 and 1859919?
51
What is the greatest common factor of 28540 and 30?
10
What is the highest common divisor of 85919 and 604?
151
What is the greatest common divisor of 1185 and 90771?
237
What is the highest common divisor of 346 and 12085261?
173
Calculate the highest common divisor of 1440 and 5490.
90
What is the greatest common factor of 20 and 65180?
20
What is the greatest common factor of 1749485 and 155?
155
What is the highest common factor of 4394 and 32?
2
What is the highest common divisor of 448 and 10688?
64
Calculate the greatest common divisor of 1802450 and 50.
50
What is the greatest common factor of 374 and 680?
34
What is the highest common divisor of 68101 and 9020?
451
What is the greatest common factor of 20339 and 1815?
11
What is the highest common divisor of 3444 and 1151157?
861
What is the greatest common divisor of 4100 and 10025?
25
Calculate the highest common factor of 56734 and 38.
38
What is the greatest common factor of 48330 and 3042?
18
What is the greatest common factor of 935 and 21131?
187
Calculate the highest common factor of 494 and 252070.
26
Calculate the highest common factor of 2247 and 14343.
21
What is the greatest common divisor of 120309 and 25704?
357
What is the highest common factor of 6633 and 301851?
99
Calculate the highest common factor of 20 and 138790.
10
Calculate the highest common divisor of 74 and 288452.
74
Calculate the greatest common divisor of 29623 and 187.
11
Calculate the greatest common factor of 208 and 866164.
52
What is the highest common factor of 272 and 12384?
16
Calculate the greatest common divisor of 15369 and 3760.
47
Calculate the highest common divisor of 8150 and 4750.
50
What is the highest common factor of 22 and 3385294?
22
What is the greatest common divisor of 12 and 239166?
6
Calculate the greatest common factor of 176 and 259336.
88
What is the greatest common factor of 137896 and 8?
8
Calculate the highest common divisor of 62125 and 3976.
497
Calculate the greatest common factor of 66 and 190091.
11
Calculate the highest common divisor of 8897 and 38212.
41
What is the greatest common factor of 513 and 1644?
3
What is the greatest common divisor of 66 and 424?
2
Calculate the highest common divisor of 44 and 72886.
22
What is the greatest common divisor of 12 and 1263628?
4
Calculate the greatest common divisor of 1053 and 27135.
81
What is the highest common factor of 804 and 5826?
6
Calculate the highest common factor of 4876752 and 8.
8
What is the greatest common factor of 43 and 746093?
43
What is the highest common divisor of 36604 and 4?
4
Calculate the highest common factor of 212 and 1714868.
212
Calculate the highest common divisor of 58 and 799298.
58
Calculate the highest common divisor of 79094 and 15596.
1114
What is the greatest common factor of 62240 and 544?
32
What is the greatest common factor of 222156 and 1728?
108
Calculate the highest common divisor of 104 and 411788.
52
Calculate the highest common divisor of 2472 and 5130018.
618
Calculate the highest common factor of 11 and 10109.
11
What is the greatest common divisor of 239 and 136469?
239
What is the greatest common factor of 1352911 and 357?
119
Calculate the greatest common divisor of 2225507 and 716.
179
Calculate the highest common divisor of 245200 and 650.
50
Calculate the highest common divisor of 2385 and 4950.
45
Calculate the greatest common factor of 394196 and 4092.
1364
What is the greatest common divisor of 83590 and 26?
26
Calculate the greatest common divisor of 2488739 and 3355.
671
Calculate the highest common factor of 36 and 18372.
12
Calculate the greatest common factor of 13 and 76271.
13
What is the highest common factor of 779878 and 66?
22
Calculate the greatest common factor of 359160 and 16400.
1640
Calculate the greatest common factor of 155604 and 12.
12
What is the greatest common divisor of 162 and 585306?
162
What is the greatest common divisor of 9796 and 8058?
158
Calculate the greatest common divisor of 29 and 154918.
29
Calculate the greatest common divisor of 14896 and 684.
76
Calculate the highest common divisor of 464 and 34713.
29
Calculate the greatest common divisor of 416086 and 44.
22
What is the highest common factor of 172 and 1156?
4
Calculate the highest common divisor of 5103 and 405.
81
Calculate the greatest common divisor of 262703 and 7.
7
Calculate the highest common divisor of 47170 and 28090.
530
Calculate the greatest common divisor of 686 and 7994.
14
Calculate the greatest common factor of 28 and 402626.
14
What is the greatest common divisor of 529112 and 152?
152
Calculate the greatest common factor of 102 and 144075.
51
What is the greatest common factor of 7752 and 92616?
408
What is the greatest common divisor of 4100 and 24764?
164
Calculate the greatest common divisor of 2483 and 7067.
191
Calculate the highest common factor of 47112 and 390.
78
Calculate the greatest common divisor of 392 and 52332.
196
Calculate the highest common factor of 92 and 156.
4
Calculate the greatest common factor of 2115 and 197460.
45
Calculate the greatest common divisor of 21831 and 1382247.
1149
Calculate the greatest common factor of 114 and 58914.
6
What is the highest common divisor of 24456 and 3288?
24
Calculate the highest common divisor of 153165 and 15.
15
What is the highest common factor of 21439 and 396?
11
Calculate the greatest common divisor of 81514 and 106.
106
Calculate the greatest common factor of 433 and 1.
1
What is the greatest common divisor of 101959 and 104?
13
Calculate the greatest common factor of 40 and 1386630.
10
What is the greatest common factor of 305098 and 474?
158
What is the greatest common divisor of 238 and 31514?
14
What is the greatest common divisor of 27335 and 1540?
385
Calculate the highest common factor of 468 and 72.
36
What is the greatest common factor of 760992 and 192?
96
What is the highest common divisor of 30447 and 144?
9
Calculate the greatest common divisor of 210 and 143700.
30
What is the greatest common divisor of 33578 and 59658?
326
Calculate the greatest common factor of 32 and 28208.
16
What is the greatest common divisor of 35218 and 22?
2
Calculate the greatest common divisor of 1171068 and 276.
276
What is the greatest common divisor of 113806 and 308?
154
What is the highest common divisor of 131350 and 17575?
925
Calculate the greatest common divisor of 91 and 685087.
13
Calculate the greatest common divisor of 525 and 1098475.
175
Calculate the greatest common divisor of 21301 and 119.
119
What is the greatest common divisor of 10557 and 11124?
27
Calculate the highest common factor of 16383 and 15222.
129
What is the highest co